, 1699
What are the prime factors of 13321?
7, 11, 173
List the prime factors of 871.
13, 67
List the prime factors of 1190.
2, 5, 7, 17
List the prime factors of 20947.
20947
What are the prime factors of 8352?
2, 3, 29
What are the prime factors of 1769?
29, 61
What are the prime factors of 2124?
2, 3, 59
What are the prime factors of 1976?
2, 13, 19
What are the prime factors of 13358?
2, 6679
List the prime factors of 49886.
2, 24943
What are the prime factors of 39524?
2, 41, 241
List the prime factors of 76552.
2, 7, 1367
List the prime factors of 595.
5, 7, 17
List the prime factors of 729.
3
List the prime factors of 214.
2, 107
List the prime factors of 414.
2, 3, 23
List the prime factors of 1515.
3, 5, 101
List the prime factors of 5125.
5, 41
What are the prime factors of 4962?
2, 3, 827
List the prime factors of 472.
2, 59
What are the prime factors of 90501?
3, 97, 311
List the prime factors of 19274.
2, 23, 419
List the prime factors of 36479.
36479
List the prime factors of 1124.
2, 281
List the prime factors of 21806.
2, 10903
What are the prime factors of 2371?
2371
What are the prime factors of 12827?
101, 127
What are the prime factors of 60521?
60521
List the prime factors of 45920.
2, 5, 7, 41
List the prime factors of 52871.
7, 13, 83
What are the prime factors of 103906?
2, 11, 4723
List the prime factors of 20258.
2, 7, 1447
List the prime factors of 601.
601
What are the prime factors of 3135?
3, 5, 11, 19
What are the prime factors of 58501?
19, 3079
List the prime factors of 7105.
5, 7, 29
List the prime factors of 7404.
2, 3, 617
List the prime factors of 7776.
2, 3
What are the prime factors of 1198?
2, 599
List the prime factors of 37.
37
List the prime factors of 40034.
2, 37, 541
List the prime factors of 16063.
16063
What are the prime factors of 841?
29
What are the prime factors of 8678?
2, 4339
List the prime factors of 912.
2, 3, 19
List the prime factors of 1058.
2, 23
What are the prime factors of 1122?
2, 3, 11, 17
List the prime factors of 29631.
3, 7, 17, 83
List the prime factors of 205.
5, 41
What are the prime factors of 2872?
2, 359
List the prime factors of 69592.
2, 8699
What are the prime factors of 36321?
3, 12107
What are the prime factors of 1061?
1061
List the prime factors of 4850.
2, 5, 97
List the prime factors of 743.
743
What are the prime factors of 9983?
67, 149
List the prime factors of 2171.
13, 167
What are the prime factors of 3817?
11, 347
What are the prime factors of 4635?
3, 5, 103
What are the prime factors of 1602?
2, 3, 89
List the prime factors of 371.
7, 53
What are the prime factors of 397?
397
List the prime factors of 3467.
3467
What are the prime factors of 69639?
3, 139, 167
List the prime factors of 2136.
2, 3, 89
What are the prime factors of 18690?
2, 3, 5, 7, 89
What are the prime factors of 14270?
2, 5, 1427
What are the prime factors of 3196?
2, 17, 47
What are the prime factors of 858?
2, 3, 11, 13
What are the prime factors of 969?
3, 17, 19
What are the prime factors of 9371?
9371
List the prime factors of 81.
3
List the prime factors of 197.
197
List the prime factors of 824.
2, 103
List the prime factors of 945.
3, 5, 7
What are the prime factors of 186?
2, 3, 31
List the prime factors of 4886.
2, 7, 349
What are the prime factors of 2707?
2707
List the prime factors of 1187.
1187
What are the prime factors of 8660?
2, 5, 433
List the prime factors of 9561.
3, 3187
What are the prime factors of 27657?
3, 7, 439
List the prime factors of 112629.
3, 11, 3413
List the prime factors of 5131.
7, 733
List the prime factors of 10274.
2, 11, 467
List the prime factors of 1827.
3, 7, 29
List the prime factors of 7306.
2, 13, 281
List the prime factors of 4033.
37, 109
List the prime factors of 1755.
3, 5, 13
What are the prime factors of 25254?
2, 3, 23, 61
List the prime factors of 10955.
5, 7, 313
What are the prime factors of 61175?
5, 2447
What are the prime factors of 934?
2, 467
What are the prime factors of 1798?
2, 29, 31
List the prime factors of 6189.
3, 2063
What are the prime factors of 25420?
2, 5, 31, 41
What are the prime factors of 98911?
98911
List the prime factors of 90041.
7, 19, 677
What are the prime factors of 21841?
21841
List the prime factors of 6250.
2, 5
List the prime factors of 37963.
37963
List the prime factors of 12115.
5, 2423
List the prime factors of 1652.
2, 7, 59
What are the prime factors of 38154?
2, 3, 6359
List the prime factors of 8148.
2, 3, 7, 97
What are the prime factors of 10801?
7, 1543
List the prime factors of 15661.
15661
List the prime factors of 1187.
1187
List the prime factors of 13993.
7, 1999
List the prime factors of 10272.
2, 3, 107
List the prime factors of 1966.
2, 983
What are the prime factors of 90966?
2, 3, 15161
What are the prime factors of 4818?
2, 3, 11, 73
What are the prime factors of 70979?
70979
What are the prime factors of 550?
2, 5, 11
What are the prime factors of 736?
2, 23
What are the prime factors of 3663?
3, 11, 37
What are the prime factors of 997?
997
List the prime factors of 1185.
3, 5, 79
List the prime factors of 7462.
2, 7, 13, 41
What are the prime factors of 455?
5, 7, 13
List the prime factors of 38049.
3, 11, 1153
List the prime factors of 184985.
5, 36997
What are the prime factors of 79836?
2, 3, 6653
What are the prime factors of 4?
2
What are the prime factors of 14328?
2, 3, 199
List the prime factors of 1011.
3, 337
List the prime factors of 1059.
3, 353
List the prime factors of 13719.
3, 17, 269
List the prime factors of 3221.
3221
List the prime factors of 957.
3, 11, 29
List the prime factors of 5286.
2, 3, 881
What are the prime factors of 24117?
3, 8039
List the prime factors of 29735.
5, 19, 313
List the prime factors of 3380.
2, 5, 13
What are the prime factors of 6739?
23, 293
List the prime factors of 1299.
3, 433
What are the prime factors of 5580?
2, 3, 5, 31
List the prime factors of 407.
11, 37
What are the prime factors of 343?
7
List the prime factors of 27370.
2, 5, 7, 17, 23
List the prime factors of 2628.
2, 3, 73
What are the prime factors of 1250?
2, 5
What are the prime factors of 40673?
89, 457
List the prime factors of 19602.
2, 3, 11
What are the prime factors of 9001?
9001
What are the prime factors of 77069?
77069
What are the prime factors of 70975?
5, 17, 167
List the prime factors of 470.
2, 5, 47
List the prime factors of 57305.
5, 73, 157
What are the prime factors of 1245?
3, 5, 83
List the prime factors of 2644.
2, 661
What are the prime factors of 15496?
2, 13, 149
What are the prime factors of 10714?
2, 11, 487
List the prime factors of 28771.
28771
What are the prime factors of 55247?
101, 547
List the prime factors of 1197.
3, 7, 19
List the prime factors of 3488.
2, 109
List the prime factors of 2718.
2, 3, 151
List the prime factors of 14763.
3, 7, 19, 37
List the prime factors of 7695.
3, 5, 19
List the prime factors of 1510.
2, 5, 151
List the prime factors of 28045.
5, 71, 79
List the prime factors of 13208.
2, 13, 127
List the prime factors of 247.
13, 19
List the prime factors of 2362.
2, 1181
List the prime factors of 856.
2, 107
What are the prime factors of 17556?
2, 3, 7, 11, 19
List the prime factors of 29117.
11, 2647
What are the prime factors of 29907?
3, 3323
List the prime factors of 3410.
2, 5, 11, 31
What are the prime factors of 4445?
5, 7, 127
List the prime factors of 1183.
7, 13
What are the prime factors of 79557?
3, 23, 1153
List the prime factors of 11873.
31, 383
List the prime factors of 2667.
3, 7, 127
What are the prime factors of 3287?
19, 173
List the prime factors of 67514.
2, 33757
List the prime factors of 16816.
2, 1051
What are the prime factors of 306?
2, 3, 17
What are the prime factors of 14311?
11, 1301
List the prime factors of 435.
3, 5, 29
List the prime factors of 9699.
3, 53, 61
List the prime factors of 23752.
2, 2969
What are the prime factors of 24496?
2, 1531
List the prime factors of 4292.
2, 29, 37
List the prime factors of 97965.
3, 5, 7, 311
List the prime factors of 1983.
3, 661
What are the prime factors of 966?
2, 3, 7, 23
List the prime factors of 42210.
2, 3, 5, 7, 67
List the prime factors of 6908.
2, 11, 157
What are the prime factors of 27743?
27743
List the prim